8?
6
Suppose -23240 = 2*w - 9*w. What is the tens digit of w?
2
Suppose 5*r = 5*f + 45, 4*r + 22 = -4*f + r. Let v be (-6 - f)/((-2)/28). What is the units digit of ((-105)/v)/((-2)/(-4))?
5
Suppose -75 + 13 = -p. What is the tens digit of p?
6
Let r = -7 + 9. Let n be (-5)/(-4) - (-9)/12. Suppose -n*j = r*j - 32. What is the units digit of j?
8
What is the units digit of -38*(-44 - (3 + (-12 - -6)))?
8
Let n(b) be the first derivative of -2*b + 3/2*b**2 - 1/3*b**3 - 1/4*b**4 - 4. What is the units digit of n(-3)?
7
Let h = 147 - 141. Suppose h*w = -4*b + 2*w + 240, 5*w + 250 = 5*b. What is the tens digit of b?
5
Let y(b) = b + 4. Let a be y(-3). Let o = -9 + a. Let g(d) = d**2 + 4*d + 7. What is the tens digit of g(o)?
3
Let p = 7 - 9. What is the tens digit of 137 - (-4 - (-2 - p))?
4
Let y = -26 - 6. Let n = -32 - y. Suppose -j - 5*g + 19 = n, 4*j - 3*g + 5*g = 58. What is the tens digit of j?
1
Suppose -b + 2*i = b - 196, 0 = 5*b - 4*i - 488. Suppose 7*c + 2*d = 8*c - b, -c = 5*d - 96. What is the tens digit of c?
9
Suppose -4*l = m - l + 6, 5*m - 3*l = 6. Suppose -1281 = -m*c - 7*c. What is the hundreds digit of c?
1
Let m = 15 - 9. Suppose m*n + 48 = 2*n. What is the units digit of -3*(-8)/n - -23?
1
Let j(y) be the third derivative of 7*y**2 + 0 - 1/12*y**4 - 13/6*y**3 + 0*y. What is the units digit of j(-9)?
5
Suppose 5*z = 4*x - 2049, -x + 0*z - 3*z + 508 = 0. What is the units digit of x?
1
Let n = 54 - 46. What is the tens digit of (6/(-4))/(n/(-64))?
1
Let d = 0 + 1. Suppose t + 7 = v, 0 = 2*v + 3*t - 8 + 4. Suppose 2 = 3*c - 3*m - d, v*c = -3*m + 13. What is the units digit of c?
2
Suppose -2008*b = -2003*b - 17975. What is the hundreds digit of b?
5
Let f = -17 + 23. Suppose -3*i + i = -f. Suppose 22 = -2*v + i*v. What is the units digit of v?
2
Let r(z) = z**3 + 6*z**2 - 5*z - 5. What is the units digit of r(-6)?
5
Let h(a) = 3*a**2 + 5*a - 4. Let b be h(-3). Suppose b*n - 188 = 4*n. What is the units digit of n?
7
Suppose -4*h + 26760 = 7380. What is the tens digit of h?
4
Let d(b) = -b. Let h = 15 - 17. Let o be d(h). Suppose o*q + 155 = 7*q. What is the tens digit of q?
3
Let d be (-1 + -2)*(2 - (-20)/(-6)). Suppose 20 = -4*g, -3*s - 2*g = -0 + 1. Suppose -s*j = -d*p - 102, -j + 15 = -5*p - 8. What is the tens digit of j?
3
Suppose s = 4*u - 2519, -15*u + 17*u + 4*s - 1246 = 0. What is the tens digit of u?
2
Let t(g) be the third derivative of g**6/120 - g**5/20 + g**4/24 - 29*g**3/6 + 8*g**2. What is the tens digit of t(5)?
2
What is the tens digit of ((-5)/(-10))/(2/2608)?
5
Let z be 6/(2 - 22/8). Let w be (9/6)/((-9)/456*-4). Let b = w + z. What is the tens digit of b?
1
Let f = -566 - -357. Let n = -74 - f. What is the tens digit of 1/2 - n/(-6)?
2
Let o(z) = -7*z - 3*z**2 + 4*z**2 - 2*z**2 - 6. Let g be o(-6). Suppose 0 = f - g*f - 8. What is the units digit of f?
8
What is the hundreds digit of ((14 - 15) + 6*1)*59?
2
Let w be (0/(2 - 1))/(-2). Suppose 2*u + u - 15 = w. Suppose u*i = i + 8. What is the units digit of i?
2
Suppose 4*t + z = -t + 2824, -4*t + 2244 = -3*z. What is the hundreds digit of t?
5
Suppose -80 = r + z, 5*r - z - 2*z = -416. Let l = 88 + r. What is the units digit of l?
6
What is the hundreds digit of 880 + -15 + (2 - 2)?
8
Let z(w) = 1 + 13*w - w**2 - w**3 + 0*w**3 + 6*w**2 + w**2. What is the tens digit of z(6)?
7
Let b(l) = -2*l**2 + 11*l + 9. Let k be b(6). What is the units digit of k*(-3 - -4)*34/6?
7
Let h = 2 + 0. Suppose 2*z + 2*z = -p + 444, -5*z - 5*p = -570. Suppose f = -4*i + 67, h*f + i = -i + z. What is the tens digit of f?
5
Let i = -15 - -13. What is the tens digit of (-5)/((-5)/i)*519/(-6)?
7
Let n(w) = -3*w - 19. Let a be n(-8). Suppose 634 = 4*x + b, 4*b = -x + a*b + 156. What is the hundreds digit of x?
1
Let y(w) = 2*w**2 - 19*w + 54. What is the hundreds digit of y(-10)?
4
Suppose -b + 5*v = -6*b + 25, 2*b + 5*v - 16 = 0. Suppose 0 = 5*p + i - 527, 3*i + 330 = b*p - i. What is the hundreds digit of p?
1
What is the tens digit of (506/(-4))/(64/(-384)) - 2?
5
Let q be (-846)/(-78) + (-6)/(-39). Let c(y) = -y**3 + 11*y**2 + 3*y + 18. What is the tens digit of c(q)?
5
Let u = 34 - 43. What is the units digit of u/(5/65*-1)?
7
Let v(n) = n**2 - 3*n - 5. Let r be v(6). Suppose 4*w + 5 = r. Suppose m - 132 = -4*m + o, 0 = -w*m + 5*o + 62. What is the tens digit of m?
2
Let m = 271 - -209. What is the hundreds digit of m?
4
Let k(z) = z**2 + 5*z - 16. Let v be k(3). Let t(m) = 3*m**2 - 2*m + 8. Let g be t(6). Suppose -4*s - g = -v*s. What is the tens digit of s?
2
Let g be 4 + -3 + (4 - 1). Suppose -5*n + j = -j - 625, g*n - 5*j - 500 = 0. What is the units digit of n?
5
Let g(m) = -m**3 - m**2 - 2*m + 148. What is the hundreds digit of g(0)?
1
Suppose 6*r - 231 = -57. Let j be (-2 - 1/1)*7. Let y = j + r. What is the units digit of y?
8
Let x = -277 + 465. Let p = x + -124. Let l = -38 + p. What is the units digit of l?
6
Let f = -633 - -1007. What is the units digit of f?
4
Suppose 0*i - 2*l - 7360 = -4*i, 5*l + 3664 = 2*i. What is the hundreds digit of i?
8
Suppose 5*f = -4*a + 3711, 2*f - 1603 + 113 = 4*a. What is the hundreds digit of f?
7
Let v be -10*(-1 - -5)/(-4). Suppose 0 = -3*i + v + 62. What is the tens digit of i?
2
Let r = -172 - -275. What is the hundreds digit of r?
1
Let x(y) = y**3 - 18*y**2 + 42*y + 85. What is the thousands digit of x(19)?
1
Let z(o) = -4*o + 13. Let h(b) = 2*b - 7. Let t(q) = -9*h(q) - 4*z(q). Let v be (0 - 1/1)*8. What is the tens digit of t(v)?
2
Let t(q) = 2*q**3 + 8*q**2 + 2*q + 3. Let z be t(-4). What is the units digit of 3/z - (-1239)/15?
2
Let m be 1/5 - (-171)/45. Suppose m*g - 138 = -2*p, -2*p - 5*g + 141 - 4 = 0. What is the units digit of p?
1
What is the tens digit of ((-660)/(-14))/(505/70 + -7)?
2
Let g(n) = 117*n + 153. What is the tens digit of g(6)?
5
Let n = 479 - -548. What is the units digit of n?
7
Suppose -45136 = 48*w - 64*w. What is the units digit of w?
1
Let w(f) = 162*f + 7. Let r(s) = 162*s + 8. Let q(z) = -3*r(z) + 4*w(z). What is the tens digit of q(1)?
6
Let k(y) = y**3 - 10*y**2 - 7*y - 10. Let i be k(11). Suppose i = q + u + 3*u, 4*q - 76 = -4*u. Suppose 5*d - q = 31. What is the units digit of d?
9
Let n = -8 - -10. Let f(u) = -6*u**n + 2 + 4*u + u - u**3 + 6. What is the tens digit of f(-7)?
2
Let p be ((-3)/(-2))/((-1)/(-2)). Suppose 8*g = -2*t + p*g + 97, 4*t - 254 = 2*g. What is the tens digit of t?
6
Let i(g) = 5*g**3 - 43*g - 6. What is the tens digit of i(8)?
1
Let v(u) = -u**3 + 9*u**2 - u + 13. Suppose -8*x + 4*x = -8. Suppose -3*i = -x*l - 37, i + 2*l + 1 = -0*l. What is the units digit of v(i)?
4
Let p be (-1)/2*(-5 + 5). Suppose p = 2*a - 0*a. Suppose a*g - 4*g + 252 = 0. What is the units digit of g?
3
Let b(r) = 2055*r**2 - 42*r - 42. What is the tens digit of b(-1)?
5
Suppose 4*m + 4*p - 2758 - 7862 = 0, 2*p = -5*m + 13269. What is the units digit of m?
3
Let f(u) = u**2 - 7*u - 7. Let i(q) = 19 + 24 - 8 + 36*q - 6*q**2. Let a(d) = -11*f(d) - 2*i(d). What is the units digit of a(-5)?
7
Suppose -3*m - 5*x = -10501, -3*m + 0*x + 2*x = -10508. What is the tens digit of m?
0
Let a(l) = -3*l + 9. Let h be a(-18). Let s = h - 29. What is the units digit of s?
4
Let j(q) = 2*q**3 + 3*q**2 - 12*q + 16. What is the units digit of j(4)?
4
Suppose -5*v + 2806 = 3*q, 12*q - 10*q - 1862 = v. What is the tens digit of q?
3
Suppose 22*s = 19*s. Suppose -5*q + 75 = 5*g, -2*q + 30 = g - s. What is the tens digit of (-4 + -1)*(-117)/q?
3
Let v = 47 + 1141. What is the tens digit of v?
8
Let s = -641 + 3696. What is the tens digit of s?
5
Let b(r) = -32*r - 218. What is the units digit of b(-37)?
6
Let f(z) = -8*z + 20. Suppose 5*p - 20 = 0, 5*j + p - 11 - 18 = 0. Let u be 2/3*(-4 - j). What is the units digit of f(u)?
8
Let d(w) = 36*w + 34. Let y be d(10). Suppose -5*p + 0*p + 10 = 0, y = 4*o + 5*p. What is the tens digit of o?
9
Let w be 60/45*1179/2. Suppose -h - 1290 = -5*r, 5*r - 3*h = 2*r + w. What is the tens digit of r?
5
Suppose -20448 = 1085*o - 1093*o. What is the units digit of o?
6
Let a be (-37)/(-2 - ((-250)/42 + 4)). Suppose 3*j - 2*d = a, -4*j - 2*d = -9*j + 1299. What is the tens digit of j?
6
Let k = -24 + 21. Let m be 10/3*(0 - k). Let w(o) = 4*o + 21. What is the units digit of w(m)?
1
L